-64 (base 12) in base 3?
-2211
What is -4 (base 11) in base 7?
-4
Convert 109 (base 10) to base 8.
155
What is -333 (base 5) in base 8?
-135
-21120 (base 3) to base 12
-150
6 (base 9) to base 6
10
Convert -2 (base 14) to base 2.
-10
What is -1 (base 11) in base 14?
-1
Convert 3 (base 9) to base 8.
3
-42 (base 10) to base 5
-132
What is -5 (base 12) in base 10?
-5
16 (base 15) to base 2
10101
Convert -1 (base 4) to base 12.
-1
-10 (base 5) to base 6
-5
5 (base 14) to base 2
101
Convert -152 (base 11) to base 8.
-262
-200 (base 9) to base 12
-116
Convert 2 (base 10) to base 16.
2
Convert -14 (base 7) to base 8.
-13
-2200 (base 4) to base 6
-424
What is 4 (base 9) in base 4?
10
-4 (base 13) to base 8
-4
Convert 110 (base 2) to base 3.
20
Convert -2 (base 10) to base 5.
-2
0 (base 14) to base 8
0
What is -a (base 13) in base 8?
-12
Convert a1 (base 11) to base 10.
111
What is 0 (base 4) in base 2?
0
Convert 434 (base 5) to base 14.
87
What is -314 (base 8) in base 15?
-d9
Convert -33 (base 4) to base 12.
-13
What is 46 (base 7) in base 5?
114
What is 0 (base 6) in base 2?
0
Convert 3 (base 6) to base 8.
3
1 (base 6) to base 12
1
Convert b9 (base 12) to base 16.
8d
Convert -310 (base 6) to base 5.
-424
What is -1 (base 2) in base 15?
-1
What is 340 (base 6) in base 3?
11220
4e (base 16) to base 8
116
What is 58 (base 13) in base 9?
81
Convert -3 (base 8) to base 14.
-3
Convert -f (base 16) to base 15.
-10
-1 (base 6) to base 7
-1
Convert -412 (base 5) to base 16.
-6b
Convert -29 (base 14) to base 11.
-34
What is -2 (base 6) in base 2?
-10
What is -da (base 14) in base 11?
-165
Convert 4 (base 6) to base 4.
10
Convert 4 (base 14) to base 5.
4
Convert 201 (base 4) to base 8.
41
-3 (base 14) to base 8
-3
What is -145 (base 7) in base 15?
-57
Convert 122 (base 4) to base 8.
32
3 (base 12) to base 3
10
-2 (base 5) to base 11
-2
What is -1000 (base 3) in base 7?
-36
-28 (base 9) to base 14
-1c
Convert -4 (base 6) to base 8.
-4
What is 2 (base 8) in base 13?
2
7 (base 16) to base 9
7
10010 (base 2) to base 11
17
What is -110 (base 2) in base 13?
-6
Convert -4 (base 9) to base 16.
-4
Convert -103 (base 9) to base 11.
-77
-1 (base 8) to base 2
-1
What is -6 (base 14) in base 6?
-10
Convert 6 (base 14) to base 9.
6
-3 (base 11) to base 2
-11
77 (base 10) to base 14
57
-123 (base 5) to base 9
-42
1a (base 11) to base 12
19
Convert -14 (base 6) to base 3.
-101
203 (base 6) to base 13
5a
1 (base 12) to base 10
1
Convert 2 (base 16) to base 10.
2
2 (base 4) to base 6
2
What is 1 (base 15) in base 4?
1
What is 0 (base 7) in base 5?
0
Convert 1303 (base 6) to base 3.
110010
-102 (base 3) to base 4
-23
210 (base 5) to base 4
313
What is -1 (base 3) in base 4?
-1
What is -1 (base 3) in base 11?
-1
Convert -1010 (base 2) to base 12.
-a
Convert 15 (base 15) to base 7.
26
What is 100 (base 2) in base 10?
4
What is -d6 (base 16) in base 12?
-15a
-1 (base 15) to base 16
-1
-2 (base 13) to base 2
-10
Convert -13 (base 5) to base 3.
-22
Convert -2 (base 10) to base 7.
-2
Convert -2 (base 15) to base 9.
-2
What is -110000 (base 2) in base 16?
-30
-1 (base 3) to base 16
-1
Convert 152 (base 14) to base 3.
100221
Convert -14 (base 16) to base 6.
-32
Convert 13 (base 12) to base 11.
14
What is 316 (base 8) in base 12?
152
-4 (base 15) to base 11
-4
What is 3 (base 4) in base 14?
3
0 (base 5) to base 16
0
What is 1 (base 9) in base 13?
1
6 (base 7) to base 12
6
What is 2 (base 13) in base 10?
2
125 (base 7) to base 12
58
What is 2 (base 5) in base 13?
2
What is -1210 (base 6) in base 4?
-10212
Convert 14 (base 15) to base 12.
17
52 (base 8) to base 4
222
Convert -36 (base 11) to base 10.
-39
-2 (base 12) to base 9
-2
Convert -20 (base 11) to base 3.
-211
Convert -20201 (base 3) to base 14.
-cd
Convert 27 (base 11) to base 6.
45
What is -5 (base 9) in base 6?
-5
What is 111 (base 3) in base 13?
10
Convert 2 (base 3) to base 16.
2
Convert 3 (base 13) to base 4.
3
-1b (base 14) to base 16
-19
What is -1 (base 8) in base 3?
-1
What is 5 (base 7) in base 14?
5
Convert 64 (base 8) to base 2.
110100
105 (base 7) to base 15
39
Convert -22 (base 13) to base 3.
-1001
Convert 100 (base 2) to base 10.
4
What is -8 (base 10) in base 3?
-22
What is -2 (base 10) in base 7?
-2
-32 (base 13) to base 10
-41
What is -1 (base 7) in base 2?
-1
Convert 0 (base 7) to base 9.
0
Convert -5 (base 11) to base 5.
-10
What is -34 (base 12) in base 6?
-104
Convert -42 (base 5) to base 13.
-19
Convert 11 (base 2) to base 16.
3
Convert -231 (base 11) to base 8.
-424
Convert -225 (base 7) to base 9.
-140
-241 (base 8) to base 16
-a1
Convert 58 (base 15) to base 5.
313
Convert -1 (base 2) to base 15.
-1
-15 (base 9) to base 10
-14
-a (base 15) to base 14
-a
Convert 1 (base 11) to base 2.
1
Convert 1b (base 13) to base 15.
19
Convert -1 (base 10) to base 12.
-1
Convert -64 (base 10) to base 3.
-2101
What is -2222 (base 3) in base 5?
-310
Convert -86 (base 13) to base 10.
-110
0 (base 15) to base 3
0
What is -1112 (base 3) in base 4?
-221
Convert 112 (base 13) to base 8.
270
What is 34 (base 14) in base 13?
37
What is 3a (base 16) in base 12?
4a
What is 101 (base 7) in base 14?
38
55 (base 12) to base 2
1000001
What is -13 (base 12) in base 2?
-1111
Convert -46 (base 11) to base 5.
-200
Convert -47 (base 12) to base 2.
-110111
Convert 3 (base 15) to base 14.
3
What is -43 (base 5) in base 11?
-21
What is 2 (base 13) in base 8?
2
Convert -37 (base 12) to base 6.
-111
Convert -2 (base 9) to base 16.
-2
What is 233 (base 4) in base 2?
101111
What is -2 (base 12) in base 16?
-2
Convert -1010 (base 2) to base 11.
-a
What is -4 (base 7) in base 14?
-4
What is 4 (base 6) in base 4?
10
0 (base 8) to base 14
0
-2 (base 11) to base 6
-2
Convert 20 (base 6) to base 3.
110
What is -12 (base 7) in base 3?
-100
12 (base 15) to base 5
32
Convert -15 (base 8) to base 5.
-23
What is 87 (base 12) in base 13?
7c
What is 5 (base 9) in base 15?
5
What is 2 (base 4) in base 12?
2
What is -102 (base 4) in base 15?
-13
What is 2 (base 7) in base 5?
2
-9 (base 16) to base 14
-9
What is -20 (base 14) in base 12?
-24
What is 12 (base 4) in base 12?
6
What is -11 (base 4) in base 7?
-5
-2023 (base 5) to base 7
-524
2 (base 11) to base 6
2
16 (base 12) to base 5
33
What is -6 (base 14) in base 13?
-6
What is -10 (base 12) in base 15?
-c
Convert -65 (base 8) to base 13.
-41
-29 (base 14) to base 2
-100101
Convert d (base 16) to base 10.
13
22 (base 6) to base 15
e
70 (base 9) to base 10
63
What is 10 (base 10) in base 2?
1010
-327 (base 9) to base 5
-2033
Convert -5 (base 11) to base 13.
-5
What is -20 (base 10) in base 7?
-26
Convert 34 (base 10) to base 9.
37
Convert -3 (base 4) to base 13.
-3
Convert -3 (base 16) to base 7.
-3
Convert 0 (base 3) to base 11.
0
What is -7 (base 10) in base 4?
-13
Convert 64 (base 9) to base 5.
213
Convert 101 (base 3) to base 7.
13
Convert 11 (base 13) to base 5.
24
Convert 2 (base 4) to base 13.
2
What is 100011 (base 2) in base 13?
29
-1 (base 14) to base 10
-1
10001 (base 2) to base 5
32
Convert 2 (base 10) to base 7.
2
What is 19 (base 12) in base 6?
33
-11 (base 14) to base 16
-f
11 (base 9) to base 12
a
What is -22 (base 16) in base 12?
-2a
Convert 3 (base 13) to base 14.
3
What is a (base 14) in base 12?
a
16 (base 9) to base 10
15
1035 (base 6) to base 15
10e
Convert -6 (base 7) to base 13.
-6
41 (base 9) to base 7
52
Convert 3 (base 5) to base 14.
3
69 (base 11) to base 2
1001011
Convert 2 (base 10) to base 14.
2
0 (base 4) to base 2
0
What is -1201 (base 3) in base 14?
-34
Convert -16 (base 11) to base 4.
-101
Convert -32 (base 9) to base 10.
-29
What is 55 (base 12) in base 9?
72
-4 (base 8) to base 7
-4
-41 (base 5) to base 3
-210
-45 (base 10) to base 15
-30
What is -22 (base 4) in base 8?
-12
Convert -13 (base 5) to base 3.
-22
Convert 7 (base 9) to base 10.
7
What is 11 (base 11) in base 2?
1100
What is 11 (base 12) in base 5?
23
111 (base 3) to base 15
d
What is 79 (base 12) in base 14?
69
-3 (base 16) to base 5
-3
Convert -14 (base 5) to base 4.
-21
Convert 3 (base 15) to base 5.
3
What is 1101010 (base 2) in base 3?
10221
What is -28 (base 9) in base 2?
-11010
2 (base 14) to base 9
2
Convert -24 (base 16) to base 4.
-210
-72 (base 9) to base 11
-5a
-22201 (base 3) to base 13
-151
Conve